{"id":12172,"date":"2023-06-05T14:54:45","date_gmt":"2023-06-05T14:54:45","guid":{"rendered":"https:\/\/masempleo.t3rsc.co\/orientacion\/?page_id=12172"},"modified":"2026-03-18T22:06:47","modified_gmt":"2026-03-18T22:06:47","slug":"empresas","status":"publish","type":"page","link":"https:\/\/masempleoandi.com.co\/orientacion\/empresas\/","title":{"rendered":"EMPRESAS"},"content":{"rendered":"<section class=\"wpb-content-wrapper\"><p>[vc_row full_width=&#8221;stretch_row&#8221; content_placement=&#8221;middle&#8221; kd_background_overlay=&#8221;default&#8221; kd_background_image_position=&#8221;vc_row-bg-position-top&#8221; css=&#8221;.vc_custom_1686858780096{padding-top: 150px !important;padding-bottom: 60px !important;background-position: center !important;background-repeat: no-repeat !important;background-size: cover !important;}&#8221; css_mobile=&#8221;.vc_custom_1686858780097{padding-top: 100px !important;}&#8221; css_tablet_portrait=&#8221;.vc_custom_1686858780097{padding-top: 50px !important;}&#8221; css_tablet_landscape=&#8221;.vc_custom_1686858780097{padding-top: 160px !important;}&#8221;][vc_column][vc_row_inner kd_background_overlay=&#8221;default&#8221; kd_background_image_position=&#8221;vc_row-bg-position-top&#8221;][vc_column_inner width=&#8221;5\/12&#8243; css=&#8221;.vc_custom_1649249808333{margin-left: 0px !important;padding-top: 120px !important;padding-right: 0px !important;padding-left: 0px !important;}&#8221; css_mobile=&#8221;.vc_custom_1649249808333{padding-top: 0px !important;}&#8221; offset=&#8221;vc_col-lg-5&#8243; css_tablet_portrait=&#8221;.vc_custom_1649249808333{padding-top: 100px !important;}&#8221; css_tablet_landscape=&#8221;.vc_custom_1649249808333{padding-top: 50px !important;}&#8221;]<header class=\"kd-section-title col-lg-12 text-left  vc_custom_1686862535323 kd-animated fadeIn\" data-animation-delay=200><h2 class=\"kd-main-title separator_off\" style=\"font-size: 65px;line-height: 80px;\">EMPRESAS<\/h2><h6 class=\"subtitle\" style=\"font-size:20px;\">Si eres una empresa ANDI, encuentra aqu\u00ed todo lo que necesitas para conectar de forma directa con el TALENTO disponible en Colombia.<\/h6><\/header><a href=\"#discover-now\"    class=\"tt_button tt_primary_button btn_primary_color hover_solid_secondary btn-align-left button-scroll-to-section btn-smooth-scroll   vc_custom_1685975384736 kd-animated zoomIn\" data-text=\"Descubre m\u00e1s\" data-animation-delay=200><span class=\"prim_text\">Descubre m\u00e1s<\/span><\/a>[\/vc_column_inner][vc_column_inner width=&#8221;7\/12&#8243; css=&#8221;.vc_custom_1649250059711{padding-right: 0px !important;padding-left: 0px !important;}&#8221; offset=&#8221;vc_col-lg-7&#8243; css_mobile=&#8221;.vc_custom_1649250059712{padding-right: 170px !important;}&#8221;][vc_single_image image=&#8221;12390&#8243; img_size=&#8221;large&#8221; alignment=&#8221;center&#8221; style=&#8221;vc_box_shadow_3d&#8221; css_animation=&#8221;fadeIn&#8221; css=&#8221;.vc_custom_1686953540636{margin-right: -170px !important;}&#8221;][\/vc_column_inner][\/vc_row_inner][\/vc_column][\/vc_row][vc_row full_width=&#8221;stretch_row&#8221; kd_background_overlay=&#8221;gray-color&#8221; kd_background_image_position=&#8221;vc_row-bg-position-top&#8221; css=&#8221;.vc_custom_1686778943065{padding-top: 50px !important;}&#8221; el_class=&#8221;overflow-fix&#8221; el_id=&#8221;discover-now&#8221;][vc_column]<header class=\"kd-section-title col-lg-12 text-center solid-line sep-border-width-1 50px kd-animated fadeIn\" data-animation-delay=200><div class=\"kd-separator above_title\" style=\"width:50px;\"><div class=\"kd-separator-line\" ><\/div><\/div><h2 class=\"kd-main-title separator_on\" style=\"font-size: 42px;line-height: 52px;\">Paso a paso<\/h2><h6 class=\"subtitle\" style=\"font-size:30px;\">Este es el proceso para que tu empresa haga parte de M\u00e1s Empleo<\/h6><\/header>[vc_row_inner kd_background_overlay=&#8221;default&#8221; kd_background_image_position=&#8221;vc_row-bg-position-top&#8221; css=&#8221;.vc_custom_1686779008238{padding-top: 0px !important;padding-bottom: 50px !important;}&#8221; css_tablet_portrait=&#8221;.vc_custom_1686779008239{padding-bottom: 70px !important;}&#8221;][vc_column_inner]<div class=\"kd-process-steps process_five_elem process-number-template\">\r\n                <ul><li class=\"pss-item  kd-animated fadeIn\" style=\"border-color: #1e73be;\" >\r\n                    <div class=\"pss-container\"><div class=\"pss-step-number\"><span style=\"color: #1e73be;\">1.<\/span><\/div><div class=\"pss-text-area\">\r\n                            <h4 >Solicita el registro<\/h4>\r\n                            <p >Confirmaremos tu registro por correo electr\u00f3nico<\/p><a class=\"process-text-link\" href=\"https:\/\/www.masempleo.com.co\/req\" target=\"_blank\" >\u00a1Solicita tu registro AQU\u00cd!<\/a><\/div>\r\n                    <\/div>\r\n                <\/li><li class=\"pss-item  kd-animated fadeIn\" style=\"border-color: #1e73be;\" data-animation-delay=200>\r\n                    <div class=\"pss-container\"><div class=\"pss-step-number\"><span style=\"color: #1e73be;\">2.<\/span><\/div><div class=\"pss-text-area\">\r\n                            <h4 >Registra las vacantes<\/h4>\r\n                            <p >Te notificaremos cuando la vacante sea publicada en nuestro portal<\/p><a class=\"process-text-link\" href=\"https:\/\/www.masempleo.com.co\/req\" target=\"_blank\" >\u00a1Crea tu vacante AQU\u00cd!<\/a><\/div>\r\n                    <\/div>\r\n                <\/li><li class=\"pss-item  kd-animated fadeIn\" style=\"border-color: #1e73be;\" data-animation-delay=400>\r\n                    <div class=\"pss-container\"><div class=\"pss-step-number\"><span style=\"color: #1e73be;\">3.<\/span><\/div><div class=\"pss-text-area\">\r\n                            <h4 >Preselecci\u00f3n de candidatos<\/h4>\r\n                            <p >Recibir\u00e1s las  hojas de vida que m\u00e1s se ajusten a las vacantes<\/p><\/div>\r\n                    <\/div>\r\n                <\/li><li class=\"pss-item  kd-animated fadeIn\" style=\"border-color: #1e73be;\" data-animation-delay=400>\r\n                    <div class=\"pss-container\"><div class=\"pss-step-number\"><span style=\"color: #1e73be;\">4.<\/span><\/div><div class=\"pss-text-area\">\r\n                            <h4 >Inf\u00f3rmanos del cierre de tu proceso<\/h4>\r\n                            <p >Cu\u00e9ntanos c\u00f3mo fue tu experiencia y en c\u00f3mo finaliz\u00f3 tu proceso<\/p><\/div>\r\n                    <\/div>\r\n                <\/li><li class=\"pss-item  kd-animated fadeIn\" style=\"border-color: #1e73be;\" data-animation-delay=400>\r\n                    <div class=\"pss-container\"><div class=\"pss-step-number\"><span style=\"color: #1e73be;\">5.<\/span><\/div><div class=\"pss-text-area\">\r\n                            <h4 >Recibe orientaci\u00f3n<\/h4>\r\n                            <p >Mantente actualizado con las \u00faltimas tendencias, datos, informaci\u00f3n y asesor\u00edas sobre atracci\u00f3n de talento.<\/p><\/div>\r\n                    <\/div>\r\n                <\/li><\/ul>\r\n            <\/div>[\/vc_column_inner][\/vc_row_inner][\/vc_column][\/vc_row][vc_row full_width=&#8221;stretch_row&#8221; content_placement=&#8221;middle&#8221; kd_background_overlay=&#8221;default&#8221; kd_background_image_position=&#8221;vc_row-bg-position-top&#8221;][vc_column css=&#8221;.vc_custom_1686084033460{padding-top: 15px !important;}&#8221; css_tablet_portrait=&#8221;.vc_custom_1686084033460{padding-right: 15px !important;}&#8221; css_mobile=&#8221;.vc_custom_1686084033461{padding-right: 15px !important;}&#8221;][vc_cta h2=&#8221;Orientaci\u00f3n para empresas&#8221; style=&#8221;custom&#8221; css_animation=&#8221;fadeIn&#8221; custom_background=&#8221;#001162&#8243; custom_text=&#8221;#ffffff&#8221;]<\/p>\n<h6 id=\"contenido_portales\">Conoce todos los insumos que tenemos disponibles para que tu compa\u00f1\u00eda implemente las mejores pr\u00e1cticas de atracci\u00f3n de talento<\/h6>\n<p>[\/vc_cta][vc_basic_grid post_type=&#8221;ids&#8221; style=&#8221;load-more&#8221; items_per_page=&#8221;6&#8243; initial_loading_animation=&#8221;fadeInUp&#8221; grid_id=&#8221;vc_gid:1773871553182-617948e9-2226-8&#8243; include=&#8221;1, 368, 366, 12783, 12875&#8243;]<div id=\"fm-69f2d7cd74e4d\" class=\"fm-wrapper\">\n    \t\t\t<nav class=\"fm-nav\"><ul class=\"fm-list nav\"><div class=\"nav-indicator\"><\/div><\/ul><\/nav>\n    \t\t<\/div>[\/vc_column][\/vc_row][vc_row full_width=&#8221;stretch_row&#8221; kd_background_overlay=&#8221;gray-color&#8221; kd_background_image_position=&#8221;vc_row-bg-position-top&#8221; css=&#8221;.vc_custom_1647530090305{padding-top: 100px !important;}&#8221;][vc_column css=&#8221;.vc_custom_1686086829483{padding-bottom: 10px !important;}&#8221;]<header class=\"kd-section-title col-lg-12 text-center  vc_custom_1686840913188 kd-animated fadeIn\" data-animation-delay=200><h2 class=\"kd-main-title separator_off\" >PREGUNTAS FRECUENTES<\/h2><h6 class=\"subtitle\" >La respuesta a las principales dudas de nuestros usuarios empresariales. \u00bfNo encuentras lo que buscas? \u00a1Escr\u00edbenos! andimasempleo@andi.com.co<\/h6><\/header>[vc_toggle title=&#8221;\u00bfQu\u00e9 empresas pueden publicar sus vacantes?&#8221;]M\u00e1s Empleo es un portal exclusivo de empresas ANDI[\/vc_toggle][vc_toggle title=&#8221;\u00bfSi tengo alguda dura referente al registro y la navegaci\u00f3n qu\u00e9 debo hacer?&#8221;]El servicio de M\u00e1s Empleo de la ANDI pone a tu disposici\u00f3n el siguiente canal para acompa\u00f1ar y guiar tu proceso en las b\u00fasqueda de tu pr\u00f3ximo candidato:<\/p>\n<p><a href=\"mailto:andimasempleo@andi.com.co\"><em>andimasempleo@andi.com.co <\/em><\/a>[\/vc_toggle][vc_toggle title=&#8221;\u00bfEl servicio de intermediaci\u00f3n laboral del Servicio de M\u00e1s Empleo tienen alg\u00fan costo?&#8221;]No, es un servicio gratuito con el que buscamos conectar las oportunidades de empleo formal y de calidad que ofrecen las empresas con el talento disponible en nuestro pa\u00eds, para as\u00ed contribuir al bienestar y prosperidad de Colombia.[\/vc_toggle][vc_toggle title=&#8221;\u00bfQu\u00e9 tipos de vacantes puedo gestionar con M\u00e1s Empleo?&#8221;]Las empresas inscritas en nuestra plataforma podr\u00e1n gestionar vacantes para todo tipo de cargos, independientemente de su perfil[\/vc_toggle][vc_toggle title=&#8221;\u00bfD\u00f3nde son publicadas las vacantes de M\u00e1s Empleo?&#8221;]Las personas podr\u00e1n encontrar las ofertas laborales en la secci\u00f3n &#8220;Vacantes&#8221; de nuestra p\u00e1gina web <a href=\"https:\/\/www.masempleo.com.co\/buscar_empleo\">https:\/\/www.masempleo.com.co\/buscar_empleo.<\/a> Adicionalmente, contamos con redes sociales y otras acciones de difusi\u00f3n pensadas para cumplir nuestro objetivo de conectar talento con las oportunidades de trabajo.[\/vc_toggle][\/vc_column][\/vc_row]<\/p>\n<\/section>","protected":false},"excerpt":{"rendered":"<p>[vc_row full_width=&#8221;stretch_row&#8221; content_placement=&#8221;middle&#8221; kd_background_overlay=&#8221;default&#8221; kd_background_image_position=&#8221;vc_row-bg-position-top&#8221; css=&#8221;.vc_custom_1686858780096{padding-top: 150px !important;padding-bottom: 60px !important;background-position: center !important;background-repeat: no-repeat !important;background-size: cover !important;}&#8221; css_mobile=&#8221;.vc_custom_1686858780097{padding-top: 100px !important;}&#8221; css_tablet_portrait=&#8221;.vc_custom_1686858780097{padding-top: [&hellip;]<\/p>\n","protected":false},"author":1,"featured_media":0,"parent":0,"menu_order":0,"comment_status":"closed","ping_status":"closed","template":"","meta":{"_monsterinsights_skip_tracking":false,"_monsterinsights_sitenote_active":false,"_monsterinsights_sitenote_note":"","_monsterinsights_sitenote_category":0,"footnotes":""},"class_list":["post-12172","page","type-page","status-publish","hentry"],"_links":{"self":[{"href":"https:\/\/masempleoandi.com.co\/orientacion\/wp-json\/wp\/v2\/pages\/12172","targetHints":{"allow":["GET"]}}],"collection":[{"href":"https:\/\/masempleoandi.com.co\/orientacion\/wp-json\/wp\/v2\/pages"}],"about":[{"href":"https:\/\/masempleoandi.com.co\/orientacion\/wp-json\/wp\/v2\/types\/page"}],"author":[{"embeddable":true,"href":"https:\/\/masempleoandi.com.co\/orientacion\/wp-json\/wp\/v2\/users\/1"}],"replies":[{"embeddable":true,"href":"https:\/\/masempleoandi.com.co\/orientacion\/wp-json\/wp\/v2\/comments?post=12172"}],"version-history":[{"count":37,"href":"https:\/\/masempleoandi.com.co\/orientacion\/wp-json\/wp\/v2\/pages\/12172\/revisions"}],"predecessor-version":[{"id":12890,"href":"https:\/\/masempleoandi.com.co\/orientacion\/wp-json\/wp\/v2\/pages\/12172\/revisions\/12890"}],"wp:attachment":[{"href":"https:\/\/masempleoandi.com.co\/orientacion\/wp-json\/wp\/v2\/media?parent=12172"}],"curies":[{"name":"wp","href":"https:\/\/api.w.org\/{rel}","templated":true}]}}